t w(j) = j + 11. Let r be w(-8). Let d(b) = -b**2 + 3*b + 4. Give d(r).
4
Suppose -3 = -u - 0, -4*q - 27 = -u. Let n(o) = -4 - 2*o + 3*o - 4 + 9. Let k(c) = c**2 + 13*c + 13. Let m(v) = q*n(v) + k(v). What is m(-5)?
-3
Let f(q) = -q**3 + 5*q**2 + 9*q - 7. Let s(a) = a**3 - 12*a**2 + 12*a - 5. Let m be s(11). Calculate f(m).
11
Let l = 9 + -13. Suppose 9 = -3*h - 3*r, -1 = -4*h - r - 10. Let p = l - h. Let n(f) = -f**2 - 2*f - 1. Determine n(p).
-1
Let g(j) = j**3 - 5*j**2 - 4*j + 1. Suppose 6 = 2*y - y. Calculate g(y).
13
Let a(v) = v**2 - 8*v + 4. Suppose f + 4*k = -3 + 24, -f + 2*k - 3 = 0. Let w(l) = -l + 10. Let r be w(f). Determine a(r).
-11
Let q(g) = -4*g**2 + 0*g**2 + 5*g**2 - 7*g**2 - 9 + g**3 + 2*g. What is q(6)?
3
Suppose -r - 42 = 4*r - 3*k, 16 = 4*k. Let d(l) = l**2 + 6*l - 5. What is d(r)?
-5
Let k(h) = -h**2 - 6*h - 4. Suppose 3*m - 3*w - 6 = -6*w, -2*w = 5*m - 19. Suppose -m*z - 34 - 1 = 2*a, 3*z + 20 = -a. What is k(a)?
1
Let p(w) be the second derivative of 3*w**2 - 1/12*w**4 + w + 0 + 5/6*w**3. Give p(6).
0
Suppose 0*y + y + o - 6 = 0, 4*o - 12 = 0. Let m(a) = a**3 - 2*a**2 - a - 3. Calculate m(y).
3
Suppose 0 = -q - 5*t, 3*q + q - 3*t = 0. Let s(w) = q*w + 39*w**2 - w + 12 - 38*w**2. Determine s(0).
12
Let w = 3 - -1. Let v(o) = o**2 - 2*o**2 - 7 + w*o + 2*o**2. Suppose -2*g + g = 5. Calculate v(g).
-2
Let m(a) = a**3 - a**2 + a - 1. Let s(w) = 5*w**3 - 13*w**2 + 16*w - 2. Let f(x) = 6*m(x) - s(x). Give f(-8).
12
Let z(y) = -5*y**2 - 9 + 13 + 2*y**2 - y - 5. What is z(2)?
-15
Suppose 9 = -d + 8. Let n(k) = -6*k + 1. What is n(d)?
7
Let z be 100/36 + (-4)/(-18). Let s(v) be the third derivative of 0 + 1/120*v**6 + v**z - 2*v**2 + 0*v + 5/24*v**4 + 1/12*v**5. What is s(-4)?
2
Let i(u) be the first derivative of u**4/4 + 5*u**3/3 + u**2/2 - 2*u - 22. Give i(-5).
-7
Let j(o) be the second derivative of o**5/120 - o**4/24 - o**3/3 - 2*o. Let t(r) be the second derivative of j(r). Give t(-3).
-4
Let b(u) = u**2 - 7*u**2 + 4 - u**3 + 11*u**2. Let w = -1 - -6. Give b(w).
4
Let y = 9 + -5. Let d = y + -3. Let b(v) = -d - v**2 + v**3 + v + 2*v - v. What is b(1)?
1
Suppose 0 = -i - 3*c - 6, -i - 4 = 3*c - c. Let d(z) = z - 2. Give d(i).
-2
Let x(v) = 0*v - 64 + 64 - 3*v. Determine x(1).
-3
Let j(u) = 5*u**2 + 5*u - 3. Let a(g) = -4*g - 10*g**2 - 2*g + 4*g**2 + 4. Let x(r) = -4*a(r) - 5*j(r). Suppose 2*y + 0*y = -d - 2, -d = -5*y + 2. What is x(d)?
-3
Let o(m) = -m**2 + 6*m + 3. Let y be o(6). Let g be (2/y)/((-4)/6). Let d(q) = 6 + 2*q - 5 + q**2 + 3*q**2. Calculate d(g).
3
Let j be -5 - -2 - (-2 - -2). Let r(s) = -s**2. Calculate r(j).
-9
Let u(a) = -a**2 + 5*a + 2. Let p be u(6). Let i(t) be the second derivative of -1/12*t**4 + 2*t**2 + 0 - 2/3*t**3 + t. What is i(p)?
4
Let s = 1 + -9. Let g = 11 + s. Let f(z) = 0*z + 2 - g*z + 0*z - z**2. Calculate f(2).
-8
Suppose 5*q = 6 - 1. Suppose 6 = 2*y - 2*h, y + h - 1 = 4. Let d(u) = -y - u + 4. Determine d(q).
-1
Let a(q) = 2*q + 8. Suppose 5*g = 5*b - 35, -b + 3*g + 15 = -0*b. Suppose 15 = -3*u - b. Calculate a(u).
-4
Let y(v) = -5*v**2 + 1. Let i be y(1). Let d(g) = -g**2 - 5*g - 6. What is d(i)?
-2
Let l = -5 + 11. Let x(b) = -7*b - l*b - 5 + 14*b. Determine x(3).
-2
Let g(a) = -5*a + 9*a + 7 - 6. Give g(2).
9
Let o(f) = 0 - 1 - 1 + 4*f + 3. Calculate o(-1).
-3
Let t(a) = 4 + 7*a**2 - 3*a - 6*a**2 - 2*a. Let u = -1 + 5. Suppose -3*b + 11 = -u. What is t(b)?
4
Let s = -34 + 40. Let m(j) be the first derivative of -j**4/4 + 5*j**3/3 + 3*j**2 + j + 2. Calculate m(s).
1
Suppose 32 = -4*h - 9*k + 13*k, 2*h + 13 = k. Let y(d) = -5*d**3 + 4*d**2 - 7*d + 2. Let w(c) = c**3 - 1. Let l(s) = 6*w(s) + y(s). Calculate l(h).
6
Let g be (-1 - 3/9)*-3. Let l(n) be the third derivative of -1/3*n**3 - 1/60*n**5 + 0 + 1/6*n**4 + 3*n**2 + 0*n. Calculate l(g).
-2
Let g(k) = k + 2. Let f be g(-4). Let z(c) be the third derivative of -c**6/720 - c**4/24 + c**2. Let i(d) be the second derivative of z(d). Determine i(f).
2
Let m(o) = -3*o + 14 - 15 + 2*o - 2*o. Give m(4).
-13
Let h(l) = -5*l**3 - 16*l**2 - 24*l - 1. Let j(q) = -q**3 - 4*q**2 - 6*q. Let x(r) = -2*h(r) + 9*j(r). Calculate x(5).
-3
Suppose -2*y + 0 = -8. Let j be (-6)/(-3)*2/y. Suppose 4*d - 3*d = -j, 0 = 4*c - d + 7. Let x(k) = 2*k**2 + 1. What is x(c)?
9
Let h(q) be the second derivative of 5*q + 0 - 5/2*q**2 + 1/2*q**3 - 1/12*q**4. Calculate h(4).
-9
Let c(t) be the second derivative of t**3/3 - 3*t**2/2 + t. Let k(m) = -m + 2. Suppose -5*l + f = -24, 4*f = -11 - 5. Let o(x) = l*c(x) + 7*k(x). Give o(-2).
0
Let r(y) be the third derivative of y**7/84 - y**6/180 + y**5/60 - y**4/24 + y**3/3 - 2*y**2. Let k(b) be the first derivative of r(b). What is k(1)?
9
Let j(f) = -f - 7. Let a be (-1)/1*-1 + 6. Suppose a = -2*u - 3. Calculate j(u).
-2
Let y(x) = -6*x + 12*x - 5*x + 22 - 23. Give y(6).
5
Let l(x) = -x**2 + 2 + x + 4*x - 6 + 2. Determine l(8).
-26
Let z(a) be the first derivative of a**4/12 - a**3/3 - 3*a**2/2 + 3*a - 3. Let i(o) be the first derivative of z(o). What is i(3)?
0
Let b(q) = 6*q**2 - 13*q**3 - q**3 + 8*q + 1 + 0*q**3. Let m(c) = -41*c**3 + 17*c**2 + 23*c + 3. Let j(l) = 17*b(l) - 6*m(l). Let d = -7 - -6. What is j(d)?
-7
Suppose 0 = 3*t - 6*t + 147. Let y be 19/(-7) - 14/t. Let x(l) = -l**2 - l. Give x(y).
-6
Let v(i) = -i**2 + 11*i - 5. Let c = -18 - -28. What is v(c)?
5
Let p(h) be the second derivative of 0 - 1/12*h**4 - 5/6*h**3 - h - 1/2*h**2. Suppose 0 = 2*n + 10, -2*n + 16 = g - 6*n. Determine p(g).
3
Let p(d) = 6*d - 1. Let o(h) = -11*h + 17. Let k(g) = 3*g - 4. Let l(z) = -26*k(z) - 6*o(z). Let j(t) = 4*l(t) + 9*p(t). What is j(1)?
5
Let s(j) = 2*j + 2. Let t(x) = -x + 1. Suppose -u = -0 - 1. Let i(y) = u*s(y) + 3*t(y). Let m be 2*2/(-4)*-5. Calculate i(m).
0
Let b(j) be the second derivative of 5*j**3/6 + 8*j. Calculate b(-2).
-10
Let a(k) = 1 - k + 2 + k**3 - 3 + 2*k**2. What is a(-3)?
-6
Let c(z) = -3*z + 2. Let n(l) = 4*l - 3. Let u(h) = -3*c(h) - 2*n(h). Suppose 4*x + 2*a = 18, -3*x = -4*x - 5*a. What is u(x)?
5
Let a(w) = 0*w - w - 1 + 2. Let m(z) = 3*z**2 - z - 1. Let x be m(-1). What is a(x)?
-2
Let l(c) = c**3 + c**2 - 4*c - 1. Let x(v) = v**2 - 11*v + 7. Suppose 15 = 2*j - 5. Let s be x(j). Determine l(s).
-7
Let i(y) = -y**3 + 4*y**2 - 2*y - 6. Let k be i(3). Let a(n) = -2*n**2 - 3*n + 3. Determine a(k).
-6
Let c(h) be the third derivative of h**6/60 - h**5/30 + h**3/6 - 4*h**2. Calculate c(2).
9
Let t(z) = z + 4. Let c be t(-6). Let y be -3 + c/((-2)/5). Let s(b) = b**3 - 2*b**2 + 2*b + 1. Determine s(y).
5
Let x(f) = 2*f**2 - 3*f - 1. Let u(z) = -5*z**2 + 5*z + 1. Let g(l) = 3*u(l) + 7*x(l). Let k be (-6 - -3)*(-8)/(-6). What is g(k)?
4
Let v be 18 + 4 - (-2)/(-1). Suppose 6*u = 2*u - j - v, 2*u - 2*j = -20. Let l(i) = i**3 + 5*i**2 - 5*i + 7. Calculate l(u).
1
Let h = 10 - 15. Suppose 5*d = -4*y - 4, 0 = 2*y - 0 + 2. Let m(f) = -6 + 4*f + f**2 - 1 + d*f. What is m(h)?
-2
Let o(r) = -r**2 - 4*r + 2. Let i be o(-4). Suppose -20 = -i*w - 4*p + 2, -w + 14 = 3*p. Let h(v) = -1 - 7*v + 0*v + 2*v + v**2. Calculate h(w).
-1
Let x(c) = -c**3 - 5*c**2 - 6. Let f(u) = -2*u - 1. Let h be f(-13). Suppose -5 = -4*z - h. Give x(z).
-6
Let f(g) be the second derivative of -g**4/12 + 4*g**3/3 - g**2 + 17*g. Give f(4).
14
Let w(y) = -y**2 - 6*y + 12. Let s be w(-9). Let m(b) = 6*b + 1. Let q be m(-1). Let a be (6/q)/(6/s). Let c(v) = -v**3 + 2*v**2 + v + 1. Calculate c(a).
-5
Let r = 2 + -2. Suppose -y + 5 = -r*y. Let s(d) = -d**2 + 0*d**2 + d + 6 + 2*d + 0*d. Give s(y).
-4
Let t(w) = -w**2 + 10*w + 6. Suppose -16*k + 11 = -15*k. Calculate t(k).
-5
Let s(z) be the first derivative of -z**3/6 - 2*z**2 + z + 1. Let a(l) be the first derivative of s(l). Suppose -10*j = j - 55. Determine a(j).
-9
Let q(m) = 2*m - 3. Let r be -4*((-50)/(-8))/(-5). Let o(y) = y**2 - 2*y - 7. Let a be o(r). Suppose 2*t - 2*p = -a, -t + 20 = -6*t + 3*p. Give q(t).
-11
Suppose -2*g - 8 = -4*g. Suppose s + 2*z = 16, -4*s + 59 = -5*z + 8. Suppose g = -2*b + s. Let d(x) = -x**3 + 4*x**2 + 5*x + 4. Give d(b).
4
Let d(a) = -a + 5. Suppose 57 - 33 = 3*v. What is d(v)?
-3
Let x(z) = -2*z - 6. Let s(v) = v**3 - 7*v**2 + 5*v + 1. Let j be s(6). Let l = j + 0. Determine x(l).
4
Let j(h) = -5*h - 11*h**2 + 2 - h - h**3 + h - 4*h. Determine j(-10).
-8
Su